f o(x).
2, 5
Let a(h) = 5697*h**3 - 4*h**2 + 107*h - 190. What are the prime factors of a(2)?
2, 7, 11, 37
Let p(q) be the third derivative of 5*q**4/24 - 17*q**3/3 - 20*q**2. Let s(y) = -10*y - 3. Let f be s(-2). List the prime factors of p(f).
3, 17
Suppose -4*i + 3*k = 0, -4*i + 6*i + 3*k = 0. Suppose -2*z - 5*r + 669 = i, -2*z - 2*r + 848 = 164. What are the prime factors of z?
347
Let h(i) = -i**2 - 3*i + 13. Let o be h(-6). Let q be ((o + 4)/1)/((-2)/(-6)). List the prime factors of (-2)/q - 316/(-12).
3
Let a be ((-3 + 5)/2)/(3/10329). Suppose -13*h = -a - 2056. List the prime factors of h.
3, 47
Let b = 982 + 402. Suppose 0 = -4*h + b - 160. Let c = -97 + h. What are the prime factors of c?
11, 19
Let k(s) = s**3 - 4*s**2 + 4*s - 12. Let w be k(5). Suppose -8*z = -w*z + 950. List the prime factors of z.
2, 19
Suppose 5*f - 1877 = 3*q + 10126, -4*q + 4796 = 2*f. Let i = -1635 + f. List the prime factors of i.
3, 5, 17
Suppose -18 = 8*f - 9*f - 5*g, -2*f = -3*g - 88. What are the prime factors of (30/(-9))/(f/(-13281))?
5, 233
Let q(i) = i**3 + 13*i**2 + 20*i + 19. Let m(t) = -5*t**3 - 55*t**2 - 81*t - 77. Let g(s) = -2*m(s) - 9*q(s). List the prime factors of g(10).
103
Let u(g) = 141*g**2 + 4*g + 5. Suppose 0 = -276*c + 275*c - 1. What are the prime factors of u(c)?
2, 71
Let g(q) = -q**3 + 12*q**2 - 10*q - 1. Suppose 2*t - 11*t = -63. List the prime factors of g(t).
2, 3, 29
Let t(m) = 415*m**2 + 27*m - 136. List the prime factors of t(4).
2, 3, 19, 29
Let m = 5065 + 5699. What are the prime factors of m?
2, 3, 13, 23
Let t = 28 + -27. Let v be (-7)/(-1) - 3 - t. Suppose -h + v*r = -61, -4*r + 6 = -6. What are the prime factors of h?
2, 5, 7
Let z be 10/(-45) - 384/(-27). Suppose -3*a + 1224 = z*a. What are the prime factors of a?
2, 3
Suppose -8*q = -12*q + 340. Let d = q - 85. Suppose y - 100 = 5*s, d = s + 3*s - 20. What are the prime factors of y?
5
Let a be ((-12)/14)/((-2)/742). Let l be (28/3)/((-17)/204). Let m = l + a. List the prime factors of m.
2, 103
Let p(a) = 8*a**2 + 12*a + 39. Let o be (16 - 20) + 0/2 + -5. List the prime factors of p(o).
3, 193
Suppose 292*z + 178650 = -1467204 + 13913942. What are the prime factors of z?
2, 7, 3001
Let o = 1879 - -2745. List the prime factors of o.
2, 17
Suppose 0*g - 105 = -p - 2*g, p + g = 107. Let k = 39 - 52. Let r = p + k. What are the prime factors of r?
2, 3
Suppose 0 = -2*l - 2*z + 2, -23*l = -20*l - 3*z - 27. List the prime factors of l + -3 - ((-7 - -8) + -1123).
2, 281
Let v = 105 - 111. Let u = -38 - v. Let a = u - -124. List the prime factors of a.
2, 23
Suppose 0 = 5*j + 5*m - 15, 4*j = 6*j + 5*m. Suppose j*l + 15 = 0, 266 + 307 = 2*q + 5*l. What are the prime factors of q?
2, 3, 7
Suppose 188*k + 529891 = 939713 + 623426. What are the prime factors of k?
2, 3, 229
Let d be (-4 - (-4 + -3))/3 + 308. Let t = d - 196. List the prime factors of t.
113
Let t = 21360 - 14954. What are the prime factors of t?
2, 3203
Suppose -15*c + 20*c = 160. Let q be (92/16)/(2/c). Let z = q - 11. What are the prime factors of z?
3
Let t = 120194 + -85078. What are the prime factors of t?
2, 8779
Let m(s) = -s**3 - 6*s**2 - 3*s - 1. Let v be m(-6). Suppose 5*p = 4*z + 57, -14*p = 4*z - 13*p + 51. Let o = v - z. List the prime factors of o.
2, 3, 5
Suppose -764 = -3*s - j, j = 3*s + 16 - 788. Let i = 125 + -122. Suppose 15 = -i*q, 0*y = 4*y + 4*q - s. List the prime factors of y.
3, 23
Let y(u) = 3*u**3 - 2*u**2 + 1. Let m be y(1). Suppose m*b = 2360 - 534. What are the prime factors of b?
11, 83
Let d(t) = t**3 + 5*t**2 - 13*t - 9. Let b be d(-7). Let h(g) = g**2 + 22*g + 65. Let x be h(b). Let k = 52 - x. List the prime factors of k.
83
Let i(s) = -s + 248. Let m(r) = 3*r**2 - 25*r + 28. Let g be m(7). What are the prime factors of i(g)?
2, 31
Let g be (-9 - -12)*(-2)/(-3). Suppose g*k + 3*f = 797, -22*k + 20*k - 5*f = -791. List the prime factors of k.
13, 31
Suppose g + 12 = -g - 4*o, 3*o + 7 = -2*g. Suppose 0 = g*y - 26*y + 2772. List the prime factors of y.
2, 3, 7
Let u(t) = -278*t + 1783. What are the prime factors of u(-11)?
47, 103
Let a = 6717 + -1780. List the prime factors of a.
4937
Let t(k) = -12024*k + 1631. What are the prime factors of t(-3)?
37, 1019
Let b = 474 - -900. Suppose 10*r + 124 = b. What are the prime factors of r?
5
Let h(r) = r**3 + 8*r**2 - 25*r + 79. Suppose -79*t = -73*t - 36. What are the prime factors of h(t)?
433
Let l(s) = -s**2 + 11*s - 26. Let b be l(7). Let o be 4/8 - b/4. Suppose o = -4*k + 5*a + 333, -196 - 132 = -4*k + 4*a. What are the prime factors of k?
7, 11
Suppose 12*n - 66053 - 16519 = 0. What are the prime factors of n?
7, 983
Let i(z) = 8159*z - 41. List the prime factors of i(1).
2, 3, 11, 41
Let o(h) = 3*h**2 - 6*h + 15. Let r be o(2). List the prime factors of 2 - 36/r - 1177/(-5).
5, 47
Suppose 12828 = 3*v + t - 5335, 2*v - 12116 = 3*t. What are the prime factors of v?
5, 7, 173
Let v(y) = 372*y + 3816. What are the prime factors of v(28)?
2, 3, 593
Let l(g) = g**2 + g + 18. Let f be l(-4). Suppose f*c = 13*c + 14688. List the prime factors of c.
2, 3
Let a(f) = 2660*f**2 - 7*f + 8. Let l be a(2). Suppose -4846 = -36*o + l. What are the prime factors of o?
2, 5, 43
Let o(p) = 3*p**2 + 46*p - 37. Let b be o(-16). What are the prime factors of 21936/(-80)*b/3?
457
Suppose -2*r - 208 = -4*u - 0*r, -u + 3*r + 42 = 0. Let h = u + -52. What are the prime factors of 3 - 7 - (h - 107)?
101
Let c = -92 - -58. Suppose -5*i - 68 = -s + 474, 2*i - 2*s + 220 = 0. Let y = c - i. List the prime factors of y.
2, 37
Suppose n - 146 - 171 = -5*l, -n - 3*l + 309 = 0. Let r = n - 427. Let q = 306 + r. List the prime factors of q.
2, 11
Let g(y) = y**3 + y**2 + 2*y - 9. Let q be g(7). Let l = q + -92. What are the prime factors of l?
5, 61
Suppose -15 = -6*q + 11*q. Let p = q + 112. What are the prime factors of p?
109
Let k = -13 + 50. Suppose 2*p = 4*p + 2*m - 104, -p = -2*m - k. Let c = p - 11. List the prime factors of c.
2, 3
Let w = -38620 - -69994. What are the prime factors of w?
2, 3, 7, 83
Let x = -1587 - -727. Let i = -357 - x. What are the prime factors of i?
503
Let f(a) = 23*a**2 + 128*a - 47. List the prime factors of f(-19).
2, 7, 13
Let a = 6486 - -28871. What are the prime factors of a?
7, 5051
Suppose 26*m = -3*m + 1334. Suppose 63707 = m*p + 8139. List the prime factors of p.
2, 151
Suppose 0*d + 6 = 2*d. Let r(y) = -31*y - 2*y + 3 + 2*y**3 + 36*y. List the prime factors of r(d).
2, 3, 11
Let t(y) = -84*y**2 - 2*y - 8. Let d(m) = -1. Let k be -2*6*(-5)/10. Let s(r) = k*d(r) - t(r). List the prime factors of s(-1).
2, 3, 7
Suppose 0 = -2*j - 5*c - 16422 + 90324, -c = 3*j - 110801. What are the prime factors of j?
36931
Suppose -9*h = -3*h + 30. List the prime factors of 2/(((-70)/3647)/h).
521
Let a(c) = -c**2 - 50*c - 131. Let t be a(-17). Let r = t + 388. List the prime factors of r.
2, 409
Let z(s) = 8 + 0 - 27*s + 11 + 0. Let p(t) = 14*t - 9. Let w(c) = -7*p(c) - 4*z(c). What are the prime factors of w(6)?
47
Let p(c) = 6*c + 6. Let s be p(-1). Suppose -2*f + 4*a - 187 = -457, s = 2*f + 5*a - 234. Let z = -86 + f. List the prime factors of z.
41
Suppose -5*b + 19 = 4*h, -8*b = 3*h - 10*b - 43. Let k(z) = 7*z**2 - 9*z - 72. List the prime factors of k(h).
2, 13
List the prime factors of (-9)/54 + (6 - (-139279)/42).
2, 11, 151
Suppose 89*o = 105*o - 30912. Suppose -3*u - 2*a = -3*a - o, -2*u + 2*a + 1288 = 0. What are the prime factors of u?
2, 7, 23
Let m(l) = l**3 - 2*l**2 + 6*l - 14. Let o be m(6). Let z = 290 - o. Let i = z - 4. List the prime factors of i.
2, 3, 5
Suppose 3*r + 1145 = 1184. Let i = 137 + r. What are the prime factors of i?
2, 3, 5
Let v(m) = -55*m - 163. Let j be v(28). Let i = -1005 - j. What are the prime factors of i?
2, 349
Suppose -20*n + 263682 = 18*n. List the prime factors of n.
3, 257
Let h(i) = -2*i**2 - 5*i + 3. Let y be h(-2). Suppose -y*p + 3187 = 382. List the prime factors of p.
3, 11, 17
Suppose -k - 3*i = -6832, -4*k + 3*i - 3578 + 30996 = 0. What are the prime factors of k?
2, 5, 137
Let p = 212 - 212. Suppose p = -29*h + 23*h + 2520. List the prime factors of h.
2, 3, 5, 7
List the prime factors of (-1 + 0)*(-1183 - (-192)/32).
11, 107
What are the prime factors of 600/(-19 + 44) - -228